vative of a**4/4 + 2*a**3/3 - 2*a**2 + 3*a + 3. Let r = 632 + -636. Give f(r).
-13
Let c(i) be the second derivative of -i**5/20 - 5*i**4/12 - 2*i**3/3 + 3*i - 2. What is c(-3)?
-6
Let z be (-5)/(75/(-24))*(-5)/2. Let m(d) = -2*d - 1 - 3*d - 4*d**2 - 3*d. Let g(o) = -3*o**2 - 8*o. Let q(h) = z*m(h) + 5*g(h). Give q(6).
-8
Let w(a) = -a**3 - 11*a**2 - 9*a - 1. Suppose 0 = 2*q + 2*s + 26, 3*q - 2*s + 20 = -4. Calculate w(q).
-11
Let x(o) = o**3 + 8. Let f be 3 - 5/(-10) - (-2)/4. Suppose 5 = 5*w, f = g + w + 3. Determine x(g).
8
Let a(m) = m + 8. Let y be 1 + 5/(-3) - 3840/(-144). Let t = 8 - -23. Let n = y - t. Calculate a(n).
3
Let y = -1305 + 1309. Let n(o) be the second derivative of o**5/20 - o**4/4 - 2*o**3/3 + 2*o**2 - o. Determine n(y).
4
Let z = 4 - 0. Suppose -3*h - h = -z*i + 12, 5*i - 2*h = 9. Let x(v) = 10*v + 3. Let g(j) = -20*j - 5. Let u(k) = 3*g(k) + 5*x(k). Calculate u(i).
-10
Let o(n) = 7*n**3 - 7*n**2 + 13*n + 10. Let t(y) = -4*y**3 + 3*y**2 - 7*y - 5. Let h(f) = -3*o(f) - 5*t(f). Give h(5).
0
Suppose -4*i - 4 = 8. Let v = -5 + 6. Let b(a) = v + a + 2 + 1. What is b(i)?
1
Let i = -116 + 121. Suppose -2*c = -4*c - 2*d - 14, i*c + 5 = 5*d. Let k(p) = -p - 3. Give k(c).
1
Let d(k) = 2*k + 2. Let a(g) = g**3 - 9*g**2 - 3*g - 5. Let q(x) = -a(x) - 2*d(x). Let v = 6 + 3. Give q(v).
-8
Let l(g) = -3*g + 5. Let r(z) = -2*z**2 - 11*z + 9. Let m be r(-6). Calculate l(m).
-4
Let x(l) be the first derivative of l**2/2 + 2*l - 37. Let r be x(1). Let m(g) = -g + 2. Calculate m(r).
-1
Let r be (-2)/(-6) - (1 + 4/(-6)). Let u(k) = -4*k - k**2 - k**2 + 3*k - 1 + r + k**3. Determine u(3).
5
Let d(b) be the third derivative of b**8/6720 - b**7/420 - b**6/720 + b**5/30 - 11*b**4/24 - 4*b**2. Let s(z) be the second derivative of d(z). Give s(6).
-2
Let o = -305 - -302. Let m(a) = -4*a + 1. Give m(o).
13
Let u = 3/52 - -23/52. Let y(w) be the first derivative of -u*w**2 - 8*w + 3. Calculate y(0).
-8
Let h(v) = -v**3 + 7*v**2 + 9*v + 4. Let u be (-4)/12*(1 - 28). Suppose 0 = u*a - 60 - 12. Determine h(a).
12
Let r(x) = -19*x**3 + 26*x**2 + 43*x - 3. Let i(a) = 7*a**3 - 9*a**2 - 15*a + 1. Let l(p) = -8*i(p) - 3*r(p). What is l(7)?
-13
Let x(g) = -5 + 5*g**2 - g**3 + 2*g**3 + 1 - 12*g**2 - 8*g. Calculate x(8).
-4
Suppose -17*a + 13 = -4*r - 18*a, 0 = r + 3*a - 5. Let t be (-6)/(-4) + 34/r. Let n(b) = -b**2 - 7*b + 6. Give n(t).
6
Let g(d) = d**3 + 18*d**2 + 72*d - 11. Let z be g(-6). Let l(b) = b**2 + 12*b + 10. Determine l(z).
-1
Suppose -22*m = -21*m + 7. Let j(a) = -a - 16. What is j(m)?
-9
Let j(r) = r**3 - 4*r**2 + 8*r. Suppose 3*i + 17 = 32. Let k(c) = -2*c**3 + 9*c**2 - 15*c - 1. Let d(q) = i*j(q) + 3*k(q). What is d(6)?
3
Let o(s) = s**3 + s**2 + 8*s + 2. Let f(x) = 2*x. Let u(n) = 4*f(n) - o(n). Suppose -5*b - 3*p + 5 = 15, -11 = -b + 2*p. Let m = b - 1. Calculate u(m).
-2
Let t be (-8)/(-6)*21/98*-7. Let m(n) = 5*n - 2 + 0 + 0 + n. Give m(t).
-14
Let a(i) = 9*i**3 - 3*i + 0*i**3 + 2*i**2 - 8*i**3 - 4. Let v be ((-42)/63)/((-2)/(-9)). Calculate a(v).
-4
Let k(n) = n - 6*n**2 + 4*n**2 + n**2 - n - n**3 - 15. Give k(0).
-15
Let c(f) = f**2 + 3*f - 2. Suppose -4 = 5*d - 49. Let v(z) = 2*z - 23. Let p be v(d). What is c(p)?
8
Suppose -5*i + 25 = 2*c, 0*c + 3*c + 4*i = 20. Let h(y) be the second derivative of 0*y**4 + 1/6*y**3 + 4*y + y**2 + c + 1/20*y**5. Calculate h(-2).
-8
Suppose -a = 4*a + 20. Let p(w) = -9*w**3 - 11*w**2 - 5*w - 8. Let i(f) = 5*f**3 + 6*f**2 + 3*f + 4. Let c(m) = a*p(m) - 7*i(m). Let j = -23 - -20. Give c(j).
-2
Let g(n) be the third derivative of 0 + 1/120*n**6 + 7/6*n**3 - 1/12*n**5 + 12*n**2 - 1/12*n**4 + 0*n. Give g(5).
-3
Let d(o) = -5*o**3 - 22*o**2 + 23*o + 28. Let t(h) = -3*h**3 - 11*h**2 + 12*h + 13. Let a(m) = 4*d(m) - 7*t(m). What is a(10)?
1
Let o be 3 - 4*3/(-3). Let c(l) = 8 - o*l + 21*l**2 + 15*l**2 - 40*l**2 + l**3 - 3. Calculate c(5).
-5
Let o(b) = b**2 + 4*b + 3. Let h(m) = m**2 + 3*m + 2. Suppose 0 = 11*c - 10*c + 6. Let q(n) = c*h(n) + 5*o(n). What is q(-2)?
-5
Let j(i) = i**2 + 4*i. Let n be j(-4). Let k(u) = 0*u + 6*u + n*u - 5*u + 5. What is k(6)?
11
Let p(h) = -h**2 + 7*h - 8. Let j = 639 - 633. Give p(j).
-2
Let b = 151 + -156. Let l(d) = d**3 + 5*d**2 - d - 7. Give l(b).
-2
Let n(j) = 0*j**2 - 8*j + 0*j**2 - 7 + j**2 - 2*j**2. Determine n(-8).
-7
Let y = 1208 - 1203. Let v(t) = t**2 - 4*t - 5. Calculate v(y).
0
Let r(y) = 2*y - 1. Let f(n) = 7*n - 7. Let v(b) = -2*f(b) + 10*r(b). Calculate v(-6).
-32
Let w(s) = -s**3 - 4*s**2 - 4*s - 4. Let n be w(-3). Let p(r) = 6*r - 61. Let v(j) = -3*j + 26. Let a(l) = -3*p(l) - 7*v(l). What is a(n)?
-2
Let t = 241 - 243. Let k(q) = -q - 2. Determine k(t).
0
Let c(w) = w**3 + 9*w**2 + 8*w - 8. Let u be c(-8). Let q = u - -10. Let o(x) = 4*x - 2 + 3 + 0. Calculate o(q).
9
Let k(m) = -17*m - 16. Let z(a) = 14*a + 16. Let d(u) = 5*k(u) + 6*z(u). What is d(19)?
-3
Suppose -4*h + 10 + 126 = 0. Let o = h + -36. Let n(t) = -3*t. Calculate n(o).
6
Let x(f) = 3*f - 2. Let v = -14 + 17. Let g be (8/(-6))/((-2)/v). What is x(g)?
4
Let q(z) = -2*z**2 + z**2 - z**3 + 0*z**3 + 4*z + 1. Suppose -11*w - 152 + 119 = 0. Calculate q(w).
7
Let y be ((-112)/(-12))/(2/12). Suppose 4*s + y = 4*f, 2*s = s - 2. Suppose 2*h = -f + 10. Let i(v) = -v**3 - v**2 - v. Calculate i(h).
1
Let m(r) = -r - 3. Let b be m(-6). Let u = -28 + 52. Let i(l) = 0*l - 17 + u + l - 2*l. Determine i(b).
4
Let p(l) be the second derivative of 5*l**4/4 + l**3/6 + 285*l. Determine p(1).
16
Let y(z) = z**3 + 2*z**2 - 22*z - 60. Let b be y(-4). Let g(o) = o**2 + 3*o + 9. Give g(b).
13
Let i(l) = -6*l**2 - 5*l - 3. Let f(g) = -g + 10. Let q be f(11). Let u be i(q). Let b(t) = t + 4. What is b(u)?
0
Let q(j) = 0*j**2 + j**2 + 0 - j + 2 - j - 8*j. Let x = 0 + 10. Give q(x).
2
Suppose -7*b - 1 = -5*b + 3*n, 3*n = 3*b - 21. Let v(w) = -8*w**2 - 9*w - 23. Let d(a) = -3*a**2 - 3*a - 8. Let z(q) = -11*d(q) + 4*v(q). What is z(b)?
0
Let z = -67 + 67. Let y(p) = 6 + z*p**2 - p + 8*p**2 + 5*p - 6*p**2. Calculate y(-4).
22
Suppose 0 = x + q - 0 + 1, 5*x + 5 = 3*q. Let a = -26 + x. Let b = 31 + a. Let g(k) = -k**3 + 4*k**2 - 3*k - 2. Calculate g(b).
-14
Let l(n) = -4*n + 20. Let b(s) = -13*s + 81. Let y(g) = 2*b(g) - 7*l(g). Determine y(-6).
10
Suppose 0 = 4*u - 5*u - 3*r - 17, -4*u - 28 = 2*r. Let b(l) = l**3 + 4*l**2 - 5*l + 4. Give b(u).
4
Let n be 742/126 - 2/(-18). Let l(u) = 2*u + 8. Give l(n).
20
Let m be (0*1/2)/(-2). Suppose 2*o = 4*a + 6, 0 = -3*o - 5*a - 12 - 1. Let v(l) = l + 1. Let h(n) = n**2 + 2*n + 2. Let w(u) = o*h(u) + v(u). What is w(m)?
-1
Suppose 3*u + 17 = 4*u. Suppose -5*y - 32 + u = 0. Let b(c) = c**3 + 2*c**2 - c + 4. Determine b(y).
-2
Let g(p) = -p**2 - 10*p - 5. Let d be (-22)/(-16)*10*4*1. Suppose -2*o + 2 = 4*k, k - d = 5*o - 4*k. Calculate g(o).
16
Let b(m) = m**3 - 10*m**2 - 10*m - 8. Let u be b(11). Suppose 0 = -2*t - u*w - 7, -2*w - 4 = t - w. Let c be 2/4*-2 - t. Let h(p) = -2*p + 3. Calculate h(c).
-5
Let n(j) = j**2 - 2*j + 15. Let x be n(0). Let g = -20 + x. Let l(u) = -u**3 - 4*u**2 + 6*u - 1. What is l(g)?
-6
Suppose -4*u + 2 + 6 = 0. Let m(v) = 3*v - 4*v**u - 12*v - 2 + 3*v**2 + 2*v**2. Let y = 45 + -39. Calculate m(y).
-20
Let f(a) be the second derivative of a**5/20 - 5*a**4/6 - a**3/3 + 17*a**2/2 - 18*a + 1. Calculate f(10).
-3
Let l(m) = 0*m + 3 - 18*m**2 + 23*m**2 + m**3 + 3*m + m. Calculate l(-4).
3
Let d(g) be the first derivative of -g**4/4 - 8*g**3/3 - 7*g**2/2 - 3*g + 83. Determine d(-7).
-3
Let x(v) = 3 - 6*v + 4*v + 3*v. Let g be x(1). Suppose -4*n - 28 = g*d - n, n + 4 = 0. Let a(i) = i**2 + 5*i + 4. Determine a(d).
0
Let c(w) = -11*w - 12*w + 38*w + 14*w**2 + 38 + w**3 - 17. Determine c(-13).
-5
Let m be (4 + -5)/((-1)/4). Let l(p) = -p**2 + 3*p + 9. Let b(v) = -3*v - 10 - 10*v**2 + 10*v**2 + v**2. Let r(y) = 5*b(y) + 6*l(y). What is r(m)?
0
Suppose -4*n - z - 5 = -5*n, -4*z = -3*n + 17. Let f(b) = 4 - b + n*b - 15 - b. What is f(5)?
-6
Let v = -40 - -36. Let q be -1 + 0/v - -4. Let i(f) = 3*f - 3. What is i(q)?
6
Let t(o) be the first derivative of o**3/3 + 3*o**2/2 + 7*o - 127. Determine t(-5).
17
Suppose -13*n + 11*n = -10. Let w(h) be the first derivative of -2*h**3 + 3 - n*h - 3*h**2 - 1/4*h**4. What is w(-5)?
0
Let w be (4/10)/(153/(-150) + 1). Let t(m) = m + 2